7167 a prime number?
True
Is 6249949 prime?
True
Is 7746343 prime?
False
Is 2135017 prime?
True
Is 83729801 a prime number?
True
Is 1332379 a composite number?
False
Is 572921 prime?
False
Is 16074397 a composite number?
False
Is 537620645 a prime number?
False
Is 67089271 composite?
False
Is 5830339 a composite number?
True
Is 92893477 a prime number?
False
Is 43357371 a composite number?
True
Is 3195026 composite?
True
Is 21187867 prime?
False
Is 19830037 composite?
True
Is 30884353 composite?
True
Is 31519289 a prime number?
True
Is 844063 a prime number?
False
Is 2574521 a prime number?
True
Is 263890157 prime?
False
Is 64541479 a composite number?
True
Is 585911 prime?
True
Is 2994281 composite?
False
Is 1376033 prime?
True
Is 6682679 composite?
True
Is 1048913 composite?
True
Is 14493349 a prime number?
False
Is 61333543 prime?
False
Is 204077021 prime?
True
Is 1526087 prime?
True
Is 3968137 a prime number?
True
Is 478431617 prime?
True
Is 4494319 a composite number?
True
Is 372080747 a prime number?
True
Is 59699047 composite?
False
Is 23728517 composite?
False
Is 10239055 a composite number?
True
Is 3824339 a composite number?
True
Is 56421601 composite?
True
Is 2478431 composite?
True
Is 1487554 a prime number?
False
Is 39542259 composite?
True
Is 775483 prime?
False
Is 562013 prime?
False
Is 127963919 composite?
True
Is 2350277 a composite number?
True
Is 3032173 a prime number?
False
Is 2047091 composite?
False
Is 57653009 a composite number?
True
Is 110822903 a composite number?
False
Is 10766489 composite?
False
Is 1056557 a composite number?
True
Is 211411379 a prime number?
True
Is 24146393 composite?
True
Is 20516681 a composite number?
False
Is 28585183 composite?
True
Is 189584347 a prime number?
False
Is 334807157 a prime number?
True
Is 8486729 a composite number?
True
Is 75800077 composite?
True
Is 46133 composite?
False
Is 967933 prime?
False
Is 1280519 a prime number?
True
Is 62862287 composite?
True
Is 24863213 a composite number?
False
Is 32930203 composite?
False
Is 76235177 a prime number?
False
Is 903029 prime?
True
Is 1351771 prime?
False
Is 2942669 a composite number?
False
Is 251754533 prime?
True
Is 5514317 a prime number?
False
Is 529301 a composite number?
False
Is 60353057 composite?
False
Is 120495593 a composite number?
False
Is 62497685 a prime number?
False
Is 1680781 a composite number?
True
Is 15335291 composite?
False
Is 25476229 composite?
False
Is 4492153 composite?
True
Is 28325243 composite?
False
Is 12487789 a prime number?
True
Is 23889089 prime?
False
Is 606643 prime?
True
Is 13163041 a composite number?
False
Is 13231 composite?
True
Is 6755227 composite?
False
Is 351532754 prime?
False
Is 1162698293 prime?
False
Is 336001 composite?
True
Is 981959665 a composite number?
True
Is 29729233 a prime number?
True
Is 897817 composite?
False
Is 6057413 composite?
True
Is 23133083 composite?
True
Is 42142871 a prime number?
True
Is 14292949 a prime number?
False
Is 20588563 prime?
True
Is 2722147 a composite number?
False
Is 2377247 prime?
False
Is 302170753 a prime number?
False
Is 778218145 a composite number?
True
Is 9097549 a prime number?
False
Is 362209 a prime number?
False
Is 441377903 prime?
False
Is 7946921 a composite number?
True
Is 83837 prime?
False
Is 54740489 composite?
False
Is 483983519 a prime number?
True
Is 10352689 composite?
False
Is 17241163 a prime number?
False
Is 2172761 a composite number?
False
Is 20341613 composite?
False
Is 88734131 prime?
True
Is 9838643 composite?
True
Is 123048587 a composite number?
False
Is 15072649 prime?
True
Is 1579579 a composite number?
False
Is 58618139 a composite number?
False
Is 158529397 a composite number?
True
Is 164601637 prime?
False
Is 8471261 a prime number?
False
Is 5289719 a composite number?
True
Is 5502851 a prime number?
True
Is 13416509 a composite number?
False
Is 29867917 a composite number?
True
Is 45572873 a composite number?
False
Is 319571705 prime?
False
Is 2286953 composite?
False
Is 68842 prime?
False
Is 1183855 prime?
False
Is 109405771 a composite number?
True
Is 7630559 composite?
False
Is 809615473 a composite number?
False
Is 8569091 prime?
False
Is 396421 prime?
False
Is 2923759 a prime number?
False
Is 1620703 a prime number?
False
Is 42010131 a prime number?
False
Is 224356883 a composite number?
True
Is 136987 composite?
False
Is 14781739 composite?
True
Is 58783771 a prime number?
True
Is 50006023 composite?
False
Is 4101101 a composite number?
False
Is 58130561 a prime number?
False
Is 3311557 a prime number?
False
Is 8890207 composite?
True
Is 168958177 a prime number?
True
Is 9343333 a composite number?
False
Is 192661303 a composite number?
True
Is 5690371 prime?
True
Is 63586405 a prime number?
False
Is 8089855 composite?
True
Is 67914829 a prime number?
True
Is 50244959 a prime number?
False
Is 184412399 a composite number?
False
Is 38345123 a prime number?
False
Is 88132219 a composite number?
True
Is 93556391 composite?
True
Is 36036089 a composite number?
True
Is 36691306 a composite number?
True
Is 8448194 composite?
True
Is 16356743 a composite number?
True
Is 2848003 prime?
False
Is 137982653 composite?
False
Is 4293969 a prime number?
False
Is 2478143 a prime number?
False
Is 18426527 composite?
True
Is 2439145 a composite number?
True
Is 24062197 composite?
False
Is 19541813 prime?
True
Is 119998297 a composite number?
False
Is 12418411 composite?
False
Is 856633 prime?
False
Is 4800023 a prime number?
True
Is 253329 composite?
True
Is 2780201 a composite number?
True
Is 2038171 prime?
False
Is 669323 prime?
False
Is 68005913 composite?
True
Is 246198949 a prime number?
False
Is 137366309 prime?
False
Is 1993031 a composite number?
False
Is 4806029 a prime number?
True
Is 8016133 composite?
False
Is 4910989 prime?
False
Is 44806007 composite?
True
Is 878021 a prime number?
True
Is 332466437 composite?
False
Is 1063913 a composite number?
False
Is 812303 composite?
True
Is 107141467 a prime number?
True
Is 6457183 composite?
False
Is 5541353 a composite number?
False
Is 4396913 composite?
True
Is 5915506 prime?
False
Is 12212723 a prime number?
False
Is 108483877 composite?
True
Is 1806523 composite?
True
Is 8676289 a prime number?
False
Is 14088989 prime?
True
Is 119385323 a composite number?
False
Is 28462381 composite?
False
Is 21467263 a composite number?
True
Is 284259443 a prime number?
False
Is 3225667 a composite number?
False
Is 10385117 a prime number?
True
Is 2009437 a prime number?
True
Is 3198137 a prime number?
False
Is 2348161 composite?
False
Is 78662449 prime?
False
Is 2192237 a composite number?
True
Is 321722821 a prime number?
False
Is 6080641 a prime number?
False
Is 4077431 prime?
False
Is 2142541 a prime number?
True
Is 555190721 a composite number?
True
Is 132741841 composite?
True
Is 2482555 a composite number?
True
Is 94775987 composite?
False
Is 1525819 a composite number?
False
Is 6186749 a composite number?
False
Is 92256883 prime?
True
Is 3538357 a prime number?
True
Is 71581333 composite?
True
Is 9621023 prime?
False
Is 233043523 a prime number?
False
Is 305353897 composite?
True
Is 9594569 a prime number?
False
Is 23207257 prime?
False
Is 21583001 a prime number?
False
Is 2505794 prime?
False
Is 26685361 a prime number?
False
Is 5778721 prime?
False
Is 112940623 composite?
True
Is 65599 a prime number?
True
Is 7681711 a prime number?
True
Is 5448173 a prime number?
False
Is 12183889 prime?
False
Is 4510699 composite?
True
Is 33779477 composite?
False
Is 2833411 prime?
False
Is 3123661 a prime number?
False
Is 19183397 composite?
False
Is 33301577 prime?
True
Is 16249897 composite?
False
Is 369095 prime?
False
Is 410953 prime?
True
Is 461137 composite?
True
Is 5090303 prime?
True
Is 5883617 prime?
False
Is 1576849 a composite number?
False
Is 22226543 prime?
True
Is 5448349 prime?
False
Is 58343897 a composite number?
False
Is 418455959 composite?
False
Is 24807983 composite?
True
Is 9328433 prime?
True
Is 8957659 a prime number?
False
Is 118953449 prime?
False
Is 237888523 a composite number?
True
Is 386569 a composite number?
False
Is 2565743 a composite number?
True
Is 4824619 a composite number?
False
Is 1003195 composite?
True
Is 4819361 a prime number?
Fal